{"id":491,"date":"2025-02-14T23:30:47","date_gmt":"2025-02-14T22:30:47","guid":{"rendered":"http:\/\/tattootekstudio.com\/?page_id=491"},"modified":"2025-12-11T10:25:41","modified_gmt":"2025-12-11T09:25:41","slug":"contact","status":"publish","type":"page","link":"https:\/\/tattootekstudio.com\/index.php\/contact\/","title":{"rendered":"Contact"},"content":{"rendered":"\n<div class=\"wp-block-stackable-spacer stk-block-spacer stk--no-padding stk-block stk-920f730\" data-block-id=\"920f730\"><\/div>\n\n\n\n<div class=\"wp-block-stackable-columns stk-block-columns stk-block stk-6f5263b\" data-block-id=\"6f5263b\"><style>.stk-6f5263b {margin-bottom:50px !important;}<\/style><div class=\"stk-row stk-inner-blocks stk-block-content stk-content-align stk-6f5263b-column\">\n<div class=\"wp-block-stackable-column stk-block-column stk-column stk-block stk-5026652\" data-v=\"4\" data-block-id=\"5026652\"><style>@media screen and (min-width:690px){.stk-5026652 {flex:var(--stk-flex-grow, 1) 1 calc(60% - var(--stk-column-gap, 0px) * 1 \/ 2 ) !important;}}<\/style><div class=\"stk-column-wrapper stk-block-column__content stk-container stk-5026652-container stk--no-background stk--no-padding\"><div class=\"stk-block-content stk-inner-blocks stk-5026652-inner-blocks\">\n<div class=\"wp-block-stackable-spacer stk-block-spacer stk--no-padding stk-block stk-5ceaa0b\" data-block-id=\"5ceaa0b\"><style>.stk-5ceaa0b {height:25px !important;}<\/style><\/div>\n\n\n\n<div class=\"wp-block-stackable-heading stk-block-heading stk-block-heading--v2 stk-block stk-7d994dc\" id=\"procede-contact\" data-block-id=\"7d994dc\"><style>.stk-7d994dc {margin-bottom:20px !important;}<\/style><h3 class=\"stk-block-heading__text has-text-align-center\">Proc\u00e9d\u00e9 contact<\/h3><\/div>\n\n\n\n<p style=\"margin-top:var(--wp--preset--spacing--50);margin-right:var(--wp--preset--spacing--30);margin-bottom:var(--wp--preset--spacing--50);margin-left:var(--wp--preset--spacing--30)\">Avant toute prise de rendez-vous, nous vous conseillons de <strong>vous renseigner sur les styles de nos artistes<\/strong> afin de choisir celui qui correspond le mieux \u00e0 votre projet. Si vous n\u2019avez pas d\u2019artiste pr\u00e9cis en t\u00eate, nous pourrons vous orienter vers celui dont le style conviendra le mieux \u00e0 vos envies.<br><br>Le <strong>premier contact<\/strong> peut se faire de plusieurs mani\u00e8res : directement au <strong>shop pendant nos horaires d\u2019ouverture<\/strong>, par <strong>mail<\/strong> \u00e0 <strong><a>tattootekstudio@gmail.com<\/a><\/strong>, ou via notre formulaire de contact juste en dessous. Cela permet d\u2019\u00e9changer sur votre id\u00e9e et de r\u00e9pondre \u00e0 vos questions initiales.<br><br>Pour \u00e9tablir une <strong>relation de confiance et un \u00e9change humain<\/strong>, la <strong>prise de rendez-vous d\u00e9finitive et le d\u00e9p\u00f4t des arrhes<\/strong> se font en principe <strong>en pr\u00e9sentiel au studio<\/strong>, sauf pour les clients internationaux.<\/p>\n<\/div><\/div><\/div>\n\n\n\n<div class=\"wp-block-stackable-column stk-block-column stk-column stk-block stk-845d10f\" data-v=\"4\" data-block-id=\"845d10f\"><style>@media screen and (min-width:690px){.stk-845d10f {flex:var(--stk-flex-grow, 1) 1 calc(40% - var(--stk-column-gap, 0px) * 1 \/ 2 ) !important;}}<\/style><div class=\"stk-column-wrapper stk-block-column__content stk-container stk-845d10f-container stk--no-background stk--no-padding\"><div class=\"stk-block-content stk-inner-blocks stk-845d10f-inner-blocks\">\n<div class=\"wp-block-stackable-image stk-block-image stk-block stk-140ba43\" data-block-id=\"140ba43\"><style>.stk-140ba43 .stk-img-wrapper{aspect-ratio:1\/1 !important;width:100% !important;height:506px !important;}<\/style><figure><span class=\"stk-img-wrapper stk-image--shape-stretch\"><img loading=\"lazy\" decoding=\"async\" class=\"stk-img wp-image-1124\" src=\"https:\/\/tattootekstudio.com\/wp-content\/uploads\/2025\/11\/20230124_1157231-scaled.jpg\" width=\"1829\" height=\"2560\" srcset=\"https:\/\/tattootekstudio.com\/wp-content\/uploads\/2025\/11\/20230124_1157231-scaled.jpg 1829w, https:\/\/tattootekstudio.com\/wp-content\/uploads\/2025\/11\/20230124_1157231-214x300.jpg 214w, https:\/\/tattootekstudio.com\/wp-content\/uploads\/2025\/11\/20230124_1157231-731x1024.jpg 731w, https:\/\/tattootekstudio.com\/wp-content\/uploads\/2025\/11\/20230124_1157231-768x1075.jpg 768w, https:\/\/tattootekstudio.com\/wp-content\/uploads\/2025\/11\/20230124_1157231-1097x1536.jpg 1097w, https:\/\/tattootekstudio.com\/wp-content\/uploads\/2025\/11\/20230124_1157231-1463x2048.jpg 1463w\" sizes=\"auto, (max-width: 1829px) 100vw, 1829px\" \/><\/span><\/figure><\/div>\n<\/div><\/div><\/div>\n<\/div><\/div>\n\n\n\n<div class=\"wp-block-stackable-columns stk-block-columns stk-block stk-d28a5fc\" data-block-id=\"d28a5fc\"><div class=\"stk-row stk-inner-blocks stk-block-content stk-content-align stk-d28a5fc-column\">\n<div class=\"wp-block-stackable-column stk-block-column stk-column stk-block stk-1f2d290\" data-v=\"4\" data-block-id=\"1f2d290\"><style>@media screen and (min-width:690px){.stk-1f2d290 {flex:var(--stk-flex-grow, 1) 1 calc(40.1% - var(--stk-column-gap, 0px) * 1 \/ 2 ) !important;}}<\/style><div class=\"stk-column-wrapper stk-block-column__content stk-container stk-1f2d290-container stk--no-background stk--no-padding\"><div class=\"stk-block-content stk-inner-blocks stk-1f2d290-inner-blocks\">\n<div class=\"wp-block-stackable-image stk-block-image stk-block stk-888d2e9\" data-block-id=\"888d2e9\"><style>.stk-888d2e9 .stk-img-wrapper{width:100% !important;height:349px !important;}<\/style><figure><span class=\"stk-img-wrapper stk-image--shape-stretch\"><img loading=\"lazy\" decoding=\"async\" class=\"stk-img wp-image-1131\" src=\"https:\/\/tattootekstudio.com\/wp-content\/uploads\/2025\/11\/20250222_1330201.jpg\" width=\"1950\" height=\"1764\" srcset=\"https:\/\/tattootekstudio.com\/wp-content\/uploads\/2025\/11\/20250222_1330201.jpg 1950w, https:\/\/tattootekstudio.com\/wp-content\/uploads\/2025\/11\/20250222_1330201-300x271.jpg 300w, https:\/\/tattootekstudio.com\/wp-content\/uploads\/2025\/11\/20250222_1330201-1024x926.jpg 1024w, https:\/\/tattootekstudio.com\/wp-content\/uploads\/2025\/11\/20250222_1330201-768x695.jpg 768w, https:\/\/tattootekstudio.com\/wp-content\/uploads\/2025\/11\/20250222_1330201-1536x1389.jpg 1536w\" sizes=\"auto, (max-width: 1950px) 100vw, 1950px\" \/><\/span><\/figure><\/div>\n<\/div><\/div><\/div>\n\n\n\n<div class=\"wp-block-stackable-column stk-block-column stk-column stk-block stk-27ed9d5\" data-v=\"4\" data-block-id=\"27ed9d5\"><style>@media screen and (min-width:690px){.stk-27ed9d5 {flex:var(--stk-flex-grow, 1) 1 calc(59.9% - var(--stk-column-gap, 0px) * 1 \/ 2 ) !important;}}<\/style><div class=\"stk-column-wrapper stk-block-column__content stk-container stk-27ed9d5-container stk--no-background stk--no-padding\"><div class=\"stk-block-content stk-inner-blocks stk-27ed9d5-inner-blocks\">\n<div class=\"wp-block-stackable-spacer stk-block-spacer stk--no-padding stk-block stk-ded7e31\" data-block-id=\"ded7e31\"><style>.stk-ded7e31 {height:25px !important;}<\/style><\/div>\n\n\n\n<div class=\"wp-block-stackable-heading stk-block-heading stk-block-heading--v2 stk-block stk-9fc50e1\" id=\"reservation-amp-arrhes\" data-block-id=\"9fc50e1\"><style>.stk-9fc50e1 {margin-bottom:20px !important;}<\/style><h3 class=\"stk-block-heading__text has-text-align-center\">R\u00e9servation &amp; arrhes<\/h3><\/div>\n\n\n\n<p class=\"has-text-align-center\" style=\"padding-top:var(--wp--preset--spacing--60);padding-right:var(--wp--preset--spacing--30);padding-bottom:var(--wp--preset--spacing--60);padding-left:var(--wp--preset--spacing--30)\">Les arrhes sont <strong>obligatoires<\/strong> pour confirmer votre rendez-vous. Leur <strong>montant<\/strong> d\u00e9pend de l\u2019ampleur du projet, avec un minimum de 50\u20ac.<br><br>En cas d\u2019annulation, non justifi\u00e9e ou de derni\u00e8re minute, les arrhes ne sont pas rembours\u00e9es. Le <strong>jour du rendez-vous<\/strong>, le montant de ces derni\u00e8res seront d\u00e9duites du prix total du tatouage.<\/p>\n<\/div><\/div><\/div>\n<\/div><\/div>\n\n\n\n<div class=\"wp-block-stackable-spacer stk-block-spacer stk--no-padding stk-block stk-16f6bb1\" data-block-id=\"16f6bb1\"><style>.stk-16f6bb1 {height:50px !important;}<\/style><\/div>\n\n\n\n<div class=\"wp-block-stackable-heading stk-block-heading stk-block-heading--v2 stk-block stk-92b08ca\" id=\"prise-de-contact\" data-block-id=\"92b08ca\"><style>.stk-92b08ca {margin-bottom:50px !important;}<\/style><h3 class=\"stk-block-heading__text has-text-align-center\">Prise de contact<\/h3><\/div>\n\n\n\n<div class=\"wp-block-stackable-columns stk-block-columns stk-block stk-55c0b25\" data-block-id=\"55c0b25\"><div class=\"stk-row stk-inner-blocks stk-block-content stk-content-align stk-55c0b25-column\">\n<div class=\"wp-block-stackable-column stk-block-column stk-column stk-block stk-15307b2\" data-v=\"4\" data-block-id=\"15307b2\"><style>@media screen and (min-width:690px){.stk-15307b2 {flex:var(--stk-flex-grow, 1) 1 calc(45% - var(--stk-column-gap, 0px) * 2 \/ 3 ) !important;}}<\/style><div class=\"stk-column-wrapper stk-block-column__content stk-container stk-15307b2-container stk--no-background stk--no-padding\"><div class=\"stk-block-content stk-inner-blocks stk-15307b2-inner-blocks\">\n<div class=\"wp-block-stackable-heading stk-block-heading stk-block-heading--v2 stk-block stk-3a25f89\" id=\"infos-a-nous-fournir\" data-block-id=\"3a25f89\"><style>.stk-3a25f89 {margin-bottom:30px !important;}<\/style><h4 class=\"stk-block-heading__text has-text-align-center\">Infos \u00e0 nous fournir<\/h4><\/div>\n\n\n\n<p class=\"has-text-align-center\">Pour que nous puissions traiter votre demande rapidement et efficacement, merci d\u2019indiquer dans votre message :<\/p>\n\n\n\n<div class=\"wp-block-stackable-columns stk-block-columns stk-block stk-b9aa7bc\" data-block-id=\"b9aa7bc\"><style>.stk-b9aa7bc {margin-top:50px !important;margin-bottom:50px !important;}<\/style><div class=\"stk-row stk-inner-blocks stk-block-content stk-content-align stk-b9aa7bc-column\">\n<div class=\"wp-block-stackable-column stk-block-column stk-column stk-block stk-2276e17\" data-v=\"4\" data-block-id=\"2276e17\"><style>.stk-2276e17 {border-top-left-radius:5px !important;border-top-right-radius:5px !important;border-bottom-right-radius:5px !important;border-bottom-left-radius:5px !important;overflow:hidden !important;border-style:solid !important;border-top-width:1px !important;border-right-width:1px !important;border-bottom-width:1px !important;border-left-width:1px !important;padding-top:20px !important;padding-right:0px !important;padding-bottom:20px !important;padding-left:0px !important;margin-top:0px !important;}<\/style><div class=\"stk-column-wrapper stk-block-column__content stk-container stk-2276e17-container stk--no-background stk--no-padding\"><div class=\"stk-block-content stk-inner-blocks stk-2276e17-inner-blocks\">\n<p class=\"has-text-align-center\" style=\"margin-right:var(--wp--preset--spacing--30);margin-left:var(--wp--preset--spacing--30)\">\u2705\u00a0<strong>Votre nom<\/strong><br>\u2705\u00a0<strong>Votre adresse mail<\/strong><br>\u2705\u00a0<strong>La taille souhait\u00e9e du tatouage (en cm)<\/strong><br>\u2705\u00a0<strong>L\u2019emplacement sur le corps<\/strong><br>\u2705\u00a0<strong>Pr\u00e9f\u00e9rence : blackwork ou couleur<\/strong><br>\u2705\u00a0<strong>Si tu prends un traitement m\u00e9dical*<\/strong><\/p>\n\n\n\n<p class=\"has-text-align-center\" style=\"margin-right:var(--wp--preset--spacing--30);margin-left:var(--wp--preset--spacing--30)\"><br><em>Ces informations nous permettront de mieux comprendre votre projet et de vous r\u00e9pondre plus efficacement<\/em>.<\/p>\n<\/div><\/div><\/div>\n<\/div><\/div>\n\n\n\n<p style=\"font-size:13px\"><strong>*<\/strong>Si tu suis un traitement (antid\u00e9presseurs, fluidifiants sanguins, traitements cutan\u00e9s, cardiaques, etc.), pr\u00e9viens nous. Il est essentiel de v\u00e9rifier sa compatibilit\u00e9 avec le tatouage.<br>En cas de doute, n\u2019h\u00e9site pas \u00e0 demander l\u2019avis d\u2019un professionnel de sant\u00e9 !<\/p>\n<\/div><\/div><\/div>\n\n\n\n<div class=\"wp-block-stackable-column stk-block-column stk-column stk-block stk-9729e30\" data-v=\"4\" data-block-id=\"9729e30\"><style>@media screen and (min-width:690px){.stk-9729e30 {flex:var(--stk-flex-grow, 1) 1 calc(9.9% - var(--stk-column-gap, 0px) * 2 \/ 3 ) !important;}}<\/style><div class=\"stk-column-wrapper stk-block-column__content stk-container stk-9729e30-container stk--no-background stk--no-padding\"><div class=\"stk-block-content stk-inner-blocks stk-9729e30-inner-blocks\">\n<div class=\"wp-block-stackable-spacer stk-block-spacer stk--no-padding stk-block stk-bd080b9\" data-block-id=\"bd080b9\"><style>.stk-bd080b9 {height:300px !important;}<\/style><\/div>\n<\/div><\/div><\/div>\n\n\n\n<div class=\"wp-block-stackable-column stk-block-column stk-column stk-block stk-7cca724\" data-v=\"4\" data-block-id=\"7cca724\"><style>@media screen and (min-width:690px){.stk-7cca724 {flex:var(--stk-flex-grow, 1) 1 calc(45.099999999999994% - var(--stk-column-gap, 0px) * 2 \/ 3 ) !important;}}<\/style><div class=\"stk-column-wrapper stk-block-column__content stk-container stk-7cca724-container stk--no-background stk--no-padding\"><div class=\"stk-block-content stk-inner-blocks stk-7cca724-inner-blocks\">\n<div class=\"wp-block-stackable-heading stk-block-heading stk-block-heading--v2 stk-block stk-3344c2c\" id=\"formulaire-amp-mail\" data-block-id=\"3344c2c\"><style>.stk-3344c2c {margin-bottom:30px !important;}<\/style><h4 class=\"stk-block-heading__text has-text-align-center\">Formulaire &amp; mail<\/h4><\/div>\n\n\n\n<p class=\"has-text-align-center\">Vous pouvez nous contacter en passant par ici ou <strong>en nous contactant directement par mail \u2192 <\/strong><span style=\"color: #abb8c3;\" class=\"stk-highlight\">tattootekstudio@gmail.com<\/span><\/p>\n\n\n<div id=\"contact-form\" class=\"custom-contact-form\">\n    \n<div class=\"wpcf7 no-js\" id=\"wpcf7-f458-o1\" lang=\"fr-FR\" dir=\"ltr\" data-wpcf7-id=\"458\">\n<div class=\"screen-reader-response\"><p role=\"status\" aria-live=\"polite\" aria-atomic=\"true\"><\/p> <ul><\/ul><\/div>\n<form action=\"\/index.php\/wp-json\/wp\/v2\/pages\/491#wpcf7-f458-o1\" method=\"post\" class=\"wpcf7-form init\" aria-label=\"Formulaire de contact\" enctype=\"multipart\/form-data\" novalidate=\"novalidate\" data-status=\"init\">\n<fieldset class=\"hidden-fields-container\"><input type=\"hidden\" name=\"_wpcf7\" value=\"458\" \/><input type=\"hidden\" name=\"_wpcf7_version\" value=\"6.1.4\" \/><input type=\"hidden\" name=\"_wpcf7_locale\" value=\"fr_FR\" \/><input type=\"hidden\" name=\"_wpcf7_unit_tag\" value=\"wpcf7-f458-o1\" \/><input type=\"hidden\" name=\"_wpcf7_container_post\" value=\"0\" \/><input type=\"hidden\" name=\"_wpcf7_posted_data_hash\" value=\"\" \/>\n<\/fieldset>\n<p><label> Votre nom<br \/>\n<span class=\"wpcf7-form-control-wrap\" data-name=\"your-name\"><input size=\"40\" maxlength=\"400\" class=\"wpcf7-form-control wpcf7-text wpcf7-validates-as-required\" autocomplete=\"name\" aria-required=\"true\" aria-invalid=\"false\" value=\"\" type=\"text\" name=\"your-name\" \/><\/span> <\/label>\n<\/p>\n<p><label> Votre e-mail<br \/>\n<span class=\"wpcf7-form-control-wrap\" data-name=\"your-email\"><input size=\"40\" maxlength=\"400\" class=\"wpcf7-form-control wpcf7-email wpcf7-validates-as-required wpcf7-text wpcf7-validates-as-email\" autocomplete=\"email\" aria-required=\"true\" aria-invalid=\"false\" value=\"\" type=\"email\" name=\"your-email\" \/><\/span> <\/label>\n<\/p>\n<p><label> Objet<br \/>\n<span class=\"wpcf7-form-control-wrap\" data-name=\"your-subject\"><input size=\"40\" maxlength=\"400\" class=\"wpcf7-form-control wpcf7-text wpcf7-validates-as-required\" aria-required=\"true\" aria-invalid=\"false\" value=\"\" type=\"text\" name=\"your-subject\" \/><\/span> <\/label>\n<\/p>\n<p><label> Votre message<br \/>\n<span class=\"wpcf7-form-control-wrap\" data-name=\"your-message\"><textarea cols=\"40\" rows=\"10\" maxlength=\"2000\" class=\"wpcf7-form-control wpcf7-textarea wpcf7-validates-as-required\" aria-required=\"true\" aria-invalid=\"false\" name=\"your-message\"><\/textarea><\/span> <\/label>\n<\/p>\n<p><label> Images de r\u00e9f\u00e9rences<br \/>\n<span class=\"wpcf7-form-control-wrap\" data-name=\"image-upload\"><input size=\"40\" class=\"wpcf7-form-control wpcf7-file\" accept=\".jpg,.jpeg,.png,.gif,.webp\" aria-invalid=\"false\" type=\"file\" name=\"image-upload\" \/><\/span><\/label>\n<\/p>\n<p><input class=\"wpcf7-form-control wpcf7-submit has-spinner\" type=\"submit\" value=\"Envoyer\" \/>\n<\/p><div class=\"wpcf7-response-output\" aria-hidden=\"true\"><\/div>\n<\/form>\n<\/div>\n\n<\/div>\n<\/div><\/div><\/div>\n<\/div><\/div>\n\n\n\n<div class=\"wp-block-stackable-spacer stk-block-spacer stk--no-padding stk-block stk-a0609f8\" data-block-id=\"a0609f8\"><style>.stk-a0609f8 {height:20px !important;}<\/style><\/div>\n","protected":false},"excerpt":{"rendered":"<p>Proc\u00e9d\u00e9 contact Avant toute prise de rendez-vous, nous vous conseillons de vous renseigner sur les styles de nos artistes afin de choisir celui qui correspond le mieux \u00e0 votre projet. Si vous n\u2019avez pas d\u2019artiste pr\u00e9cis en t\u00eate, nous pourrons vous orienter vers celui dont le style conviendra le mieux \u00e0 vos envies. Le premier [&hellip;]<\/p>\n","protected":false},"author":1,"featured_media":0,"parent":0,"menu_order":0,"comment_status":"closed","ping_status":"closed","template":"","meta":{"_gspb_post_css":"","footnotes":""},"class_list":["post-491","page","type-page","status-publish","hentry"],"blocksy_meta":[],"_links":{"self":[{"href":"https:\/\/tattootekstudio.com\/index.php\/wp-json\/wp\/v2\/pages\/491","targetHints":{"allow":["GET"]}}],"collection":[{"href":"https:\/\/tattootekstudio.com\/index.php\/wp-json\/wp\/v2\/pages"}],"about":[{"href":"https:\/\/tattootekstudio.com\/index.php\/wp-json\/wp\/v2\/types\/page"}],"author":[{"embeddable":true,"href":"https:\/\/tattootekstudio.com\/index.php\/wp-json\/wp\/v2\/users\/1"}],"replies":[{"embeddable":true,"href":"https:\/\/tattootekstudio.com\/index.php\/wp-json\/wp\/v2\/comments?post=491"}],"version-history":[{"count":60,"href":"https:\/\/tattootekstudio.com\/index.php\/wp-json\/wp\/v2\/pages\/491\/revisions"}],"predecessor-version":[{"id":1172,"href":"https:\/\/tattootekstudio.com\/index.php\/wp-json\/wp\/v2\/pages\/491\/revisions\/1172"}],"wp:attachment":[{"href":"https:\/\/tattootekstudio.com\/index.php\/wp-json\/wp\/v2\/media?parent=491"}],"curies":[{"name":"wp","href":"https:\/\/api.w.org\/{rel}","templated":true}]}}